{"id":1008,"date":"2019-08-13T08:09:39","date_gmt":"2019-08-13T08:09:39","guid":{"rendered":"https:\/\/www.cuvecom.org\/galeria-midia\/"},"modified":"2019-08-13T08:09:41","modified_gmt":"2019-08-13T08:09:41","slug":"galeria-midia","status":"publish","type":"page","link":"https:\/\/demo.cuvecom.org\/pt\/galeria-midia\/","title":{"rendered":"Galeria\/M\u00eddia"},"content":{"rendered":"<div class=\"wp-block-ugb-image-box ugb-image-box ugb-image-box--v3 ugb-image-box--columns-3\" style=\"text-align:center;--overlay-color:#4abbbf\"><div class=\"ugb-image-box__item\" style=\"background-image:url(https:\/\/demo.cuvecom.org\/wp-content\/uploads\/2019\/08\/20181204_101153.jpg);height:400px;text-align:center;justify-content:center;border-radius:12px\"><a class=\"ugb-image-box__overlay\" href=\"https:\/\/demo.cuvecom.org\/pt\/governance-&amp;-stakeholder-participation\/\"><\/a><div class=\"ugb-image-box__content\"><h4 class=\"ugb-image-box__title\" style=\"color:#ffffff\">Governan\u00e7a e Participa\u00e7\u00e3o das Partes Interessadas<\/h4><p class=\"ugb-image-box__description\" style=\"color:#ffffff\">Descri\u00e7\u00e3o<\/p><\/div><\/div><div class=\"ugb-image-box__item\" style=\"background-image:url(https:\/\/demo.cuvecom.org\/wp-content\/uploads\/2019\/08\/kalahari-Images2019-4.jpg);height:400px;text-align:center;justify-content:center;border-radius:12px\"><a class=\"ugb-image-box__overlay\" href=\"https:\/\/demo.cuvecom.org\/pt\/pessoas-e-o-rio\/?lang=pt-pt\"><\/a><div class=\"ugb-image-box__content\"><h4 class=\"ugb-image-box__title\" style=\"color:#ffffff\">Pessoas e o rio<\/h4><p class=\"ugb-image-box__description\" style=\"color:#ffffff\">Descri\u00e7\u00e3o<\/p><\/div><\/div><div class=\"ugb-image-box__item\" style=\"background-image:url(https:\/\/demo.cuvecom.org\/wp-content\/uploads\/2019\/08\/kalahari-Images2019-18.jpg);height:400px;text-align:center;justify-content:center;border-radius:12px\"><a class=\"ugb-image-box__overlay\" href=\"https:\/\/demo.cuvecom.org\/pt\/gestao-de-recursos-hidricos\/?lang=pt-pt\"><\/a><div class=\"ugb-image-box__content\"><h4 class=\"ugb-image-box__title\" style=\"color:#ffffff\">Gest\u00e3o de Recursos H\u00eddricos<\/h4><p class=\"ugb-image-box__description\" style=\"color:#ffffff\">Descri\u00e7\u00e3o<\/p><\/div><\/div><\/div>\n\n<div class=\"wp-block-ugb-image-box ugb-image-box ugb-image-box--v3 ugb-image-box--columns-3\" style=\"text-align:center;--overlay-color:#4abbbf\"><div class=\"ugb-image-box__item\" style=\"background-image:url(https:\/\/demo.cuvecom.org\/wp-content\/uploads\/2019\/08\/kalahari-Images2019-27.jpg);height:400px;text-align:center;justify-content:center;border-radius:12px\"><a class=\"ugb-image-box__overlay\" href=\"https:\/\/demo.cuvecom.org\/pt\/o-rio-cuvelai\/?lang=pt-pt\"><\/a><div class=\"ugb-image-box__content\"><h4 class=\"ugb-image-box__title\" style=\"color:#ffffff\">O Rio Cuvelai<\/h4><p class=\"ugb-image-box__description\" style=\"color:#ffffff\">Descri\u00e7\u00e3o<\/p><\/div><\/div><div class=\"ugb-image-box__item\" style=\"background-image:url(https:\/\/demo.cuvecom.org\/wp-content\/uploads\/2019\/08\/kalahari-Images2019-56.jpg);height:400px;text-align:center;justify-content:center;border-radius:12px\"><a class=\"ugb-image-box__overlay\" href=\"https:\/\/demo.cuvecom.org\/pt\/conservation-&amp;-tourism\/\"><\/a><div class=\"ugb-image-box__content\"><h4 class=\"ugb-image-box__title\" style=\"color:#ffffff\">Conserva\u00e7\u00e3o e Turismo<\/h4><p class=\"ugb-image-box__description\" style=\"color:#ffffff\">Descri\u00e7\u00e3o<\/p><\/div><\/div><div class=\"ugb-image-box__item\" style=\"background-image:url(https:\/\/demo.cuvecom.org\/wp-content\/uploads\/2019\/08\/kalahari-Images2019-17.jpg);height:400px;text-align:center;justify-content:center;border-radius:12px\"><a class=\"ugb-image-box__overlay\" href=\"https:\/\/demo.cuvecom.org\/pt\/agricultura-e-pescas\/?lang=pt-pt\"><\/a><div class=\"ugb-image-box__content\"><h4 class=\"ugb-image-box__title\" style=\"color:#ffffff\">Agricultura e Pescas<\/h4><p class=\"ugb-image-box__description\" style=\"color:#ffffff\">Descri\u00e7\u00e3o<\/p><\/div><\/div><\/div>\n\n<div class=\"wp-block-ugb-image-box ugb-image-box ugb-image-box--v3 ugb-image-box--columns-3\" style=\"text-align:center;--overlay-color:#4abbbf\"><div class=\"ugb-image-box__item\" style=\"background-image:url(https:\/\/demo.cuvecom.org\/wp-content\/uploads\/2019\/08\/W_1103_Cuvelai-Aerials_019.jpg);height:400px;text-align:center;justify-content:center;border-radius:12px\"><a class=\"ugb-image-box__overlay\" href=\"https:\/\/demo.cuvecom.org\/pt\/inundacoes\/?lang=pt-pt\"><\/a><div class=\"ugb-image-box__content\"><h4 class=\"ugb-image-box__title\" style=\"color:#ffffff\">Inunda\u00e7\u00f5es<\/h4><p class=\"ugb-image-box__description\" style=\"color:#ffffff\">Descri\u00e7\u00e3o<\/p><\/div><\/div><div class=\"ugb-image-box__item\" style=\"background-image:url(https:\/\/demo.cuvecom.org\/wp-content\/uploads\/2019\/08\/kalahari-Images2019-133.jpg);height:400px;text-align:center;justify-content:center;border-radius:12px\"><a class=\"ugb-image-box__overlay\" href=\"https:\/\/demo.cuvecom.org\/pt\/seca\/?lang=pt-pt\"><\/a><div class=\"ugb-image-box__content\"><h4 class=\"ugb-image-box__title\" style=\"color:#ffffff\">Seca<\/h4><p class=\"ugb-image-box__description\" style=\"color:#ffffff\">Descri\u00e7\u00e3o<\/p><\/div><\/div><div class=\"ugb-image-box__item\" style=\"background-image:url(https:\/\/demo.cuvecom.org\/wp-content\/uploads\/2019\/08\/kalahari-Images2019-81.jpg);height:400px;text-align:center;justify-content:center;border-radius:12px\"><a class=\"ugb-image-box__overlay\" href=\"https:\/\/demo.cuvecom.org\/pt\/abastecimento-de-agua-e-saneamento\/?lang=pt-pt\"><\/a><div class=\"ugb-image-box__content\"><h4 class=\"ugb-image-box__title\" style=\"color:#ffffff\">Abastecimento de \u00c1gua e Saneamento<\/h4><p class=\"ugb-image-box__description\" style=\"color:#ffffff\">Descri\u00e7\u00e3o<\/p><\/div><\/div><\/div>","protected":false},"excerpt":{"rendered":"<p>Governan\u00e7a e Participa\u00e7\u00e3o das Partes Interessadas Descri\u00e7\u00e3o Pessoas e o rio Descri\u00e7\u00e3o Gest\u00e3o de Recursos H\u00eddricos Descri\u00e7\u00e3o O Rio Cuvelai Descri\u00e7\u00e3o Conserva\u00e7\u00e3o e Turismo Descri\u00e7\u00e3o Agricultura e Pescas Descri\u00e7\u00e3o Inunda\u00e7\u00f5es Descri\u00e7\u00e3o Seca Descri\u00e7\u00e3o Abastecimento de \u00c1gua e Saneamento Descri\u00e7\u00e3o<\/p>","protected":false},"author":11,"featured_media":0,"parent":0,"menu_order":0,"comment_status":"closed","ping_status":"closed","template":"","meta":{"footnotes":""},"class_list":["post-1008","page","type-page","status-publish","hentry"],"featured_image_urls":{"full":"","thumbnail":"","medium":"","medium_large":"","large":"","1536x1536":"","2048x2048":"","trp-custom-language-flag":"","pixova-lite-custom-logo":"","pixova-lite-project-slider-logo-image":"","pixova-lite-homepage-blog-posts":"","pixova-lite-featured-blog-image":"","pixova-lite-related-posts":"","pixova-lite-recent-works-image":"","form-edit-image-preview":""},"post_excerpt_stackable":"<p>Governan\u00e7a e Participa\u00e7\u00e3o das Partes InteressadasDescri\u00e7\u00e3oPessoas e o rioDescri\u00e7\u00e3oGest\u00e3o de Recursos H\u00eddricosDescri\u00e7\u00e3o O Rio CuvelaiDescri\u00e7\u00e3oConserva\u00e7\u00e3o e TurismoDescri\u00e7\u00e3oAgricultura e PescasDescri\u00e7\u00e3o Inunda\u00e7\u00f5esDescri\u00e7\u00e3oSecaDescri\u00e7\u00e3oAbastecimento de \u00c1gua e SaneamentoDescri\u00e7\u00e3o<\/p>\n","category_list":"","author_info":{"name":"admin","url":"https:\/\/demo.cuvecom.org\/pt\/author\/admin\/"},"comments_num":"0 comments","featured_image_urls_v2":{"full":"","thumbnail":"","medium":"","medium_large":"","large":"","1536x1536":"","2048x2048":"","trp-custom-language-flag":"","pixova-lite-custom-logo":"","pixova-lite-project-slider-logo-image":"","pixova-lite-homepage-blog-posts":"","pixova-lite-featured-blog-image":"","pixova-lite-related-posts":"","pixova-lite-recent-works-image":"","form-edit-image-preview":""},"post_excerpt_stackable_v2":"<p>Governan\u00e7a e Participa\u00e7\u00e3o das Partes InteressadasDescri\u00e7\u00e3oPessoas e o rioDescri\u00e7\u00e3oGest\u00e3o de Recursos H\u00eddricosDescri\u00e7\u00e3o O Rio CuvelaiDescri\u00e7\u00e3oConserva\u00e7\u00e3o e TurismoDescri\u00e7\u00e3oAgricultura e PescasDescri\u00e7\u00e3o Inunda\u00e7\u00f5esDescri\u00e7\u00e3oSecaDescri\u00e7\u00e3oAbastecimento de \u00c1gua e SaneamentoDescri\u00e7\u00e3o<\/p>\n","category_list_v2":"","author_info_v2":{"name":"admin","url":"https:\/\/demo.cuvecom.org\/pt\/author\/admin\/"},"comments_num_v2":"0 comments","_links":{"self":[{"href":"https:\/\/demo.cuvecom.org\/pt\/wp-json\/wp\/v2\/pages\/1008","targetHints":{"allow":["GET"]}}],"collection":[{"href":"https:\/\/demo.cuvecom.org\/pt\/wp-json\/wp\/v2\/pages"}],"about":[{"href":"https:\/\/demo.cuvecom.org\/pt\/wp-json\/wp\/v2\/types\/page"}],"author":[{"embeddable":true,"href":"https:\/\/demo.cuvecom.org\/pt\/wp-json\/wp\/v2\/users\/11"}],"replies":[{"embeddable":true,"href":"https:\/\/demo.cuvecom.org\/pt\/wp-json\/wp\/v2\/comments?post=1008"}],"version-history":[{"count":4,"href":"https:\/\/demo.cuvecom.org\/pt\/wp-json\/wp\/v2\/pages\/1008\/revisions"}],"predecessor-version":[{"id":1014,"href":"https:\/\/demo.cuvecom.org\/pt\/wp-json\/wp\/v2\/pages\/1008\/revisions\/1014"}],"wp:attachment":[{"href":"https:\/\/demo.cuvecom.org\/pt\/wp-json\/wp\/v2\/media?parent=1008"}],"curies":[{"name":"wp","href":"https:\/\/api.w.org\/{rel}","templated":true}]}}

Galeria/Mídia

<div class="wp-block-ugb-image-box ugb-image-box ugb-image-box--v3 ugb-image-box--columns-3" style="text-align:center;--overlay-color:#4abbbf"><div class="ugb-image-box__item" style="background-image:url(https://demo.cuvecom.org/wp-content/uploads/2019/08/20181204_101153.jpg);height:400px;text-align:center;justify-content:center;border-radius:12px"><a class="ugb-image-box__overlay" href="https://demo.cuvecom.org/pt/governance-&amp;-stakeholder-participation/"></a><div class="ugb-image-box__content"><h4 class="ugb-image-box__title" style="color:#ffffff">Governança e Participação das Partes Interessadas</h4><p class="ugb-image-box__description" style="color:#ffffff">Descrição</p></div></div><div class="ugb-image-box__item" style="background-image:url(https://demo.cuvecom.org/wp-content/uploads/2019/08/kalahari-Images2019-4.jpg);height:400px;text-align:center;justify-content:center;border-radius:12px"><a class="ugb-image-box__overlay" href="https://demo.cuvecom.org/pt/pessoas-e-o-rio/?lang=pt-pt"></a><div class="ugb-image-box__content"><h4 class="ugb-image-box__title" style="color:#ffffff">Pessoas e o rio</h4><p class="ugb-image-box__description" style="color:#ffffff">Descrição</p></div></div><div class="ugb-image-box__item" style="background-image:url(https://demo.cuvecom.org/wp-content/uploads/2019/08/kalahari-Images2019-18.jpg);height:400px;text-align:center;justify-content:center;border-radius:12px"><a class="ugb-image-box__overlay" href="https://demo.cuvecom.org/pt/gestao-de-recursos-hidricos/?lang=pt-pt"></a><div class="ugb-image-box__content"><h4 class="ugb-image-box__title" style="color:#ffffff">Gestão de Recursos Hídricos</h4><p class="ugb-image-box__description" style="color:#ffffff">Descrição</p></div></div></div>

<div class="wp-block-ugb-image-box ugb-image-box ugb-image-box--v3 ugb-image-box--columns-3" style="text-align:center;--overlay-color:#4abbbf"><div class="ugb-image-box__item" style="background-image:url(https://demo.cuvecom.org/wp-content/uploads/2019/08/kalahari-Images2019-27.jpg);height:400px;text-align:center;justify-content:center;border-radius:12px"><a class="ugb-image-box__overlay" href="https://demo.cuvecom.org/pt/o-rio-cuvelai/?lang=pt-pt"></a><div class="ugb-image-box__content"><h4 class="ugb-image-box__title" style="color:#ffffff">O Rio Cuvelai</h4><p class="ugb-image-box__description" style="color:#ffffff">Descrição</p></div></div><div class="ugb-image-box__item" style="background-image:url(https://demo.cuvecom.org/wp-content/uploads/2019/08/kalahari-Images2019-56.jpg);height:400px;text-align:center;justify-content:center;border-radius:12px"><a class="ugb-image-box__overlay" href="https://demo.cuvecom.org/pt/conservation-&amp;-tourism/"></a><div class="ugb-image-box__content"><h4 class="ugb-image-box__title" style="color:#ffffff">Conservação e Turismo</h4><p class="ugb-image-box__description" style="color:#ffffff">Descrição</p></div></div><div class="ugb-image-box__item" style="background-image:url(https://demo.cuvecom.org/wp-content/uploads/2019/08/kalahari-Images2019-17.jpg);height:400px;text-align:center;justify-content:center;border-radius:12px"><a class="ugb-image-box__overlay" href="https://demo.cuvecom.org/pt/agricultura-e-pescas/?lang=pt-pt"></a><div class="ugb-image-box__content"><h4 class="ugb-image-box__title" style="color:#ffffff">Agricultura e Pescas</h4><p class="ugb-image-box__description" style="color:#ffffff">Descrição</p></div></div></div>

<div class="wp-block-ugb-image-box ugb-image-box ugb-image-box--v3 ugb-image-box--columns-3" style="text-align:center;--overlay-color:#4abbbf"><div class="ugb-image-box__item" style="background-image:url(https://demo.cuvecom.org/wp-content/uploads/2019/08/W_1103_Cuvelai-Aerials_019.jpg);height:400px;text-align:center;justify-content:center;border-radius:12px"><a class="ugb-image-box__overlay" href="https://demo.cuvecom.org/pt/inundacoes/?lang=pt-pt"></a><div class="ugb-image-box__content"><h4 class="ugb-image-box__title" style="color:#ffffff">Inundações</h4><p class="ugb-image-box__description" style="color:#ffffff">Descrição</p></div></div><div class="ugb-image-box__item" style="background-image:url(https://demo.cuvecom.org/wp-content/uploads/2019/08/kalahari-Images2019-133.jpg);height:400px;text-align:center;justify-content:center;border-radius:12px"><a class="ugb-image-box__overlay" href="https://demo.cuvecom.org/pt/seca/?lang=pt-pt"></a><div class="ugb-image-box__content"><h4 class="ugb-image-box__title" style="color:#ffffff">Seca</h4><p class="ugb-image-box__description" style="color:#ffffff">Descrição</p></div></div><div class="ugb-image-box__item" style="background-image:url(https://demo.cuvecom.org/wp-content/uploads/2019/08/kalahari-Images2019-81.jpg);height:400px;text-align:center;justify-content:center;border-radius:12px"><a class="ugb-image-box__overlay" href="https://demo.cuvecom.org/pt/abastecimento-de-agua-e-saneamento/?lang=pt-pt"></a><div class="ugb-image-box__content"><h4 class="ugb-image-box__title" style="color:#ffffff">Abastecimento de Água e Saneamento</h4><p class="ugb-image-box__description" style="color:#ffffff">Descrição</p></div></div></div>

<p>Governança e Participação das Partes Interessadas Descrição Pessoas e o rio Descrição Gestão de Recursos Hídricos Descrição O Rio Cuvelai Descrição Conservação e Turismo Descrição Agricultura e Pescas Descrição Inundações Descrição Seca Descrição Abastecimento de Água e Saneamento Descrição</p>

<p>Governança e Participação das Partes InteressadasDescriçãoPessoas e o rioDescriçãoGestão de Recursos HídricosDescrição O Rio CuvelaiDescriçãoConservação e TurismoDescriçãoAgricultura e PescasDescrição InundaçõesDescriçãoSecaDescriçãoAbastecimento de Água e SaneamentoDescrição</p>
