{"id":1115,"date":"2019-08-13T08:45:45","date_gmt":"2019-08-13T08:45:45","guid":{"rendered":"https:\/\/www.cuvecom.org\/governanca-da-agua\/"},"modified":"2019-08-13T08:45:57","modified_gmt":"2019-08-13T08:45:57","slug":"governanca-da-agua","status":"publish","type":"page","link":"https:\/\/demo.cuvecom.org\/pt\/governanca-da-agua\/","title":{"rendered":"Governan\u00e7a da \u00c1gua"},"content":{"rendered":"<div class=\"wp-block-image\"><figure class=\"aligncenter\"><img fetchpriority=\"high\" decoding=\"async\" width=\"1980\" height=\"580\" src=\"https:\/\/demo.cuvecom.org\/wp-content\/uploads\/2019\/04\/rak-pg-water-gov2.png\" alt=\"\" class=\"wp-image-491\" srcset=\"https:\/\/demo.cuvecom.org\/wp-content\/uploads\/2019\/04\/rak-pg-water-gov2.png 1980w, https:\/\/demo.cuvecom.org\/wp-content\/uploads\/2019\/04\/rak-pg-water-gov2-300x88.png 300w, https:\/\/demo.cuvecom.org\/wp-content\/uploads\/2019\/04\/rak-pg-water-gov2-768x225.png 768w, https:\/\/demo.cuvecom.org\/wp-content\/uploads\/2019\/04\/rak-pg-water-gov2-1024x300.png 1024w\" sizes=\"(max-width: 1980px) 100vw, 1980px\" \/><\/figure><\/div>\n\n<p>A governan\u00e7a na Bacia Hidrogr\u00e1fica do Cuvelai \u00e9 orientada por directrizes internacionais, acordos e organiza\u00e7\u00f5es regionais e a n\u00edvel da bacia, bem como por leis e pol\u00edticas nacionais. Para mais informa\u00e7\u00f5es sobre os temas de governan\u00e7a, tais como:<\/p>\n\n<ul class=\"wp-block-list\">\n<li>Gest\u00e3o Integrada de Recursos H\u00eddricos<\/li>\n<li>Gest\u00e3o Transfronteiri\u00e7a de Recursos H\u00eddricos<\/li>\n<li>Governan\u00e7a da \u00c1gua na Bacia Hidrogr\u00e1fica do Cuvelai<\/li>\n<li>Partes Interessadas<\/li>\n<li>Desenvolvimento de Capacidade e Partilha de informa\u00e7\u00f5es<\/li>\n<\/ul>\n\n<hr class=\"wp-block-separator\"\/>\n\n<p>Clique aqui para saber mais sobre as pessoas, seus meios de subsist\u00eancia e sua intera\u00e7\u00e3o com o rio e os recursos naturais da bacia, siga o rio desde o planalto de Angola at\u00e9 o Etosha Pan na Nam\u00edbia.<\/p>\n\n<div class=\"wp-block-ugb-button ugb-button-wrapper ugb-button--align-center\"><div><a class=\"ugb-button ugb-button--align-center ugb-button--size-normal ugb-button--design-ghost\" href=\"https:\/\/nam02.safelinks.protection.outlook.com\/?url=https%3A%2F%2Fcuvecom.maps.arcgis.com%2Fapps%2FMapJournal%2Findex.html%3Fappid%3D1ee325ed3a63410480e967f0e78970bf%26edit%23&amp;data=02%7C01%7C%7Ce610246ce4f148aaa50708d70b8bddaa%7C84df9e7fe9f640afb435aaaaaaaaaaaa%7C1%7C0%7C636990567651390126&amp;sdata=uvVjd7C8jsZbLRBQiCUu8%2B%2F6uQrWnHIj%2BtG%2BqYA9HdQ%3D&amp;reserved=0\" style=\"border-radius:4px;border-color:#5578ba;color:#5578ba\" target=\"_blank\" rel=\"noopener noreferrer\"><span class=\"ugb-button--inner\" style=\"color:#5578ba\">Comece sua jornada pela bacia do rio Cuvelai<\/span><\/a><\/div><\/div>","protected":false},"excerpt":{"rendered":"<p>A governan\u00e7a na Bacia Hidrogr\u00e1fica do Cuvelai \u00e9 orientada por directrizes internacionais, acordos e organiza\u00e7\u00f5es regionais e a n\u00edvel da bacia, bem como por leis e pol\u00edticas nacionais. Para mais informa\u00e7\u00f5es sobre os temas de governan\u00e7a, tais como: Gest\u00e3o Integrada de Recursos H\u00eddricos Gest\u00e3o Transfronteiri\u00e7a de Recursos H\u00eddricos Governan\u00e7a da \u00c1gua na Bacia Hidrogr\u00e1fica do Cuvelai Partes Interessadas Desenvolvimento de Capacidade e Partilha de informa\u00e7\u00f5es Clique aqui para saber mais sobre as pessoas, seus meios<\/p>\n<div class=\"read-more-wrapper\"><a href=\"https:\/\/demo.cuvecom.org\/pt\/governanca-da-agua\/\" class=\"btn btn-green btn-read-more\" role=\"button\">Read more<\/a><\/div>","protected":false},"author":11,"featured_media":0,"parent":0,"menu_order":0,"comment_status":"closed","ping_status":"closed","template":"","meta":{"footnotes":""},"class_list":["post-1115","page","type-page","status-publish","hentry"],"featured_image_urls":{"full":"","thumbnail":"","medium":"","medium_large":"","large":"","1536x1536":"","2048x2048":"","trp-custom-language-flag":"","pixova-lite-custom-logo":"","pixova-lite-project-slider-logo-image":"","pixova-lite-homepage-blog-posts":"","pixova-lite-featured-blog-image":"","pixova-lite-related-posts":"","pixova-lite-recent-works-image":"","form-edit-image-preview":""},"post_excerpt_stackable":"<p>A governan\u00e7a na Bacia Hidrogr\u00e1fica do Cuvelai \u00e9 orientada por directrizes internacionais, acordos e organiza\u00e7\u00f5es regionais e a n\u00edvel da bacia, bem como por leis e pol\u00edticas nacionais. Para mais informa\u00e7\u00f5es sobre os temas de governan\u00e7a, tais como: Gest\u00e3o Integrada de Recursos H\u00eddricos Gest\u00e3o Transfronteiri\u00e7a de Recursos H\u00eddricos Governan\u00e7a da \u00c1gua na Bacia Hidrogr\u00e1fica do Cuvelai Partes Interessadas Desenvolvimento de Capacidade e Partilha de informa\u00e7\u00f5es Clique aqui para saber mais sobre as pessoas, seus meios de subsist\u00eancia e sua intera\u00e7\u00e3o com o rio e os recursos naturais da bacia, siga o rio desde o planalto de Angola at\u00e9 o Etosha&hellip;<\/p>\n","category_list":"","author_info":{"name":"admin","url":"https:\/\/demo.cuvecom.org\/pt\/author\/admin\/"},"comments_num":"0 comments","featured_image_urls_v2":{"full":"","thumbnail":"","medium":"","medium_large":"","large":"","1536x1536":"","2048x2048":"","trp-custom-language-flag":"","pixova-lite-custom-logo":"","pixova-lite-project-slider-logo-image":"","pixova-lite-homepage-blog-posts":"","pixova-lite-featured-blog-image":"","pixova-lite-related-posts":"","pixova-lite-recent-works-image":"","form-edit-image-preview":""},"post_excerpt_stackable_v2":"<p>A governan\u00e7a na Bacia Hidrogr\u00e1fica do Cuvelai \u00e9 orientada por directrizes internacionais, acordos e organiza\u00e7\u00f5es regionais e a n\u00edvel da bacia, bem como por leis e pol\u00edticas nacionais. Para mais informa\u00e7\u00f5es sobre os temas de governan\u00e7a, tais como: Gest\u00e3o Integrada de Recursos H\u00eddricos Gest\u00e3o Transfronteiri\u00e7a de Recursos H\u00eddricos Governan\u00e7a da \u00c1gua na Bacia Hidrogr\u00e1fica do Cuvelai Partes Interessadas Desenvolvimento de Capacidade e Partilha de informa\u00e7\u00f5es Clique aqui para saber mais sobre as pessoas, seus meios de subsist\u00eancia e sua intera\u00e7\u00e3o com o rio e os recursos naturais da bacia, siga o rio desde o planalto de Angola at\u00e9 o Etosha&hellip;<\/p>\n","category_list_v2":"","author_info_v2":{"name":"admin","url":"https:\/\/demo.cuvecom.org\/pt\/author\/admin\/"},"comments_num_v2":"0 comments","_links":{"self":[{"href":"https:\/\/demo.cuvecom.org\/pt\/wp-json\/wp\/v2\/pages\/1115","targetHints":{"allow":["GET"]}}],"collection":[{"href":"https:\/\/demo.cuvecom.org\/pt\/wp-json\/wp\/v2\/pages"}],"about":[{"href":"https:\/\/demo.cuvecom.org\/pt\/wp-json\/wp\/v2\/types\/page"}],"author":[{"embeddable":true,"href":"https:\/\/demo.cuvecom.org\/pt\/wp-json\/wp\/v2\/users\/11"}],"replies":[{"embeddable":true,"href":"https:\/\/demo.cuvecom.org\/pt\/wp-json\/wp\/v2\/comments?post=1115"}],"version-history":[{"count":6,"href":"https:\/\/demo.cuvecom.org\/pt\/wp-json\/wp\/v2\/pages\/1115\/revisions"}],"predecessor-version":[{"id":1125,"href":"https:\/\/demo.cuvecom.org\/pt\/wp-json\/wp\/v2\/pages\/1115\/revisions\/1125"}],"wp:attachment":[{"href":"https:\/\/demo.cuvecom.org\/pt\/wp-json\/wp\/v2\/media?parent=1115"}],"curies":[{"name":"wp","href":"https:\/\/api.w.org\/{rel}","templated":true}]}}

Governança da Água

<div class="wp-block-image"><figure class="aligncenter"><img fetchpriority="high" decoding="async" width="1980" height="580" src="https://demo.cuvecom.org/wp-content/uploads/2019/04/rak-pg-water-gov2.png" alt="" class="wp-image-491" srcset="https://demo.cuvecom.org/wp-content/uploads/2019/04/rak-pg-water-gov2.png 1980w, https://demo.cuvecom.org/wp-content/uploads/2019/04/rak-pg-water-gov2-300x88.png 300w, https://demo.cuvecom.org/wp-content/uploads/2019/04/rak-pg-water-gov2-768x225.png 768w, https://demo.cuvecom.org/wp-content/uploads/2019/04/rak-pg-water-gov2-1024x300.png 1024w" sizes="(max-width: 1980px) 100vw, 1980px" /></figure></div>

<p>A governança na Bacia Hidrográfica do Cuvelai é orientada por directrizes internacionais, acordos e organizações regionais e a nível da bacia, bem como por leis e políticas nacionais. Para mais informações sobre os temas de governança, tais como:</p>

<ul class="wp-block-list">
<li>Gestão Integrada de Recursos Hídricos</li>
<li>Gestão Transfronteiriça de Recursos Hídricos</li>
<li>Governança da Água na Bacia Hidrográfica do Cuvelai</li>
<li>Partes Interessadas</li>
<li>Desenvolvimento de Capacidade e Partilha de informações</li>
</ul>

<hr class="wp-block-separator"/>

<p>Clique aqui para saber mais sobre as pessoas, seus meios de subsistência e sua interação com o rio e os recursos naturais da bacia, siga o rio desde o planalto de Angola até o Etosha Pan na Namíbia.</p>

<div class="wp-block-ugb-button ugb-button-wrapper ugb-button--align-center"><div><a class="ugb-button ugb-button--align-center ugb-button--size-normal ugb-button--design-ghost" href="https://nam02.safelinks.protection.outlook.com/?url=https%3A%2F%2Fcuvecom.maps.arcgis.com%2Fapps%2FMapJournal%2Findex.html%3Fappid%3D1ee325ed3a63410480e967f0e78970bf%26edit%23&amp;data=02%7C01%7C%7Ce610246ce4f148aaa50708d70b8bddaa%7C84df9e7fe9f640afb435aaaaaaaaaaaa%7C1%7C0%7C636990567651390126&amp;sdata=uvVjd7C8jsZbLRBQiCUu8%2B%2F6uQrWnHIj%2BtG%2BqYA9HdQ%3D&amp;reserved=0" style="border-radius:4px;border-color:#5578ba;color:#5578ba" target="_blank" rel="noopener noreferrer"><span class="ugb-button--inner" style="color:#5578ba">Comece sua jornada pela bacia do rio Cuvelai</span></a></div></div>

<p>A governança na Bacia Hidrográfica do Cuvelai é orientada por directrizes internacionais, acordos e organizações regionais e a nível da bacia, bem como por leis e políticas nacionais. Para mais informações sobre os temas de governança, tais como: Gestão Integrada de Recursos Hídricos Gestão Transfronteiriça de Recursos Hídricos Governança da Água na Bacia Hidrográfica do Cuvelai Partes Interessadas Desenvolvimento de Capacidade e Partilha de informações Clique aqui para saber mais sobre as pessoas, seus meios</p>
<div class="read-more-wrapper"><a href="https://demo.cuvecom.org/pt/governanca-da-agua/" class="btn btn-green btn-read-more" role="button">Read more</a></div>

<p>A governança na Bacia Hidrográfica do Cuvelai é orientada por directrizes internacionais, acordos e organizações regionais e a nível da bacia, bem como por leis e políticas nacionais. Para mais informações sobre os temas de governança, tais como: Gestão Integrada de Recursos Hídricos Gestão Transfronteiriça de Recursos Hídricos Governança da Água na Bacia Hidrográfica do Cuvelai Partes Interessadas Desenvolvimento de Capacidade e Partilha de informações Clique aqui para saber mais sobre as pessoas, seus meios de subsistência e sua interação com o rio e os recursos naturais da bacia, siga o rio desde o planalto de Angola até o Etosha&hellip;</p>
