{"id":994,"date":"2019-08-13T08:04:39","date_gmt":"2019-08-13T08:04:39","guid":{"rendered":"https:\/\/www.cuvecom.org\/inundacoes\/"},"modified":"2019-08-13T08:04:41","modified_gmt":"2019-08-13T08:04:41","slug":"inundacoes","status":"publish","type":"page","link":"https:\/\/demo.cuvecom.org\/pt\/inundacoes\/","title":{"rendered":"Inunda\u00e7\u00f5es"},"content":{"rendered":"<ul class=\"wp-block-gallery columns-4 is-cropped wp-block-gallery-1 is-layout-flex wp-block-gallery-is-layout-flex\">\n<li class=\"blocks-gallery-item\"><figure><a href=\"https:\/\/demo.cuvecom.org\/wp-content\/uploads\/2019\/08\/Oshakati-flooded-913x1024.jpg\"><img fetchpriority=\"high\" decoding=\"async\" width=\"913\" height=\"1024\" src=\"https:\/\/demo.cuvecom.org\/wp-content\/uploads\/2019\/08\/Oshakati-flooded-913x1024.jpg\" alt=\"\" data-id=\"790\" data-link=\"https:\/\/demo.cuvecom.org\/floods\/oshakati-flooded\/\" class=\"wp-image-790\" srcset=\"https:\/\/demo.cuvecom.org\/wp-content\/uploads\/2019\/08\/Oshakati-flooded-913x1024.jpg 913w, https:\/\/demo.cuvecom.org\/wp-content\/uploads\/2019\/08\/Oshakati-flooded-267x300.jpg 267w, https:\/\/demo.cuvecom.org\/wp-content\/uploads\/2019\/08\/Oshakati-flooded-768x861.jpg 768w, https:\/\/demo.cuvecom.org\/wp-content\/uploads\/2019\/08\/Oshakati-flooded.jpg 1192w\" sizes=\"(max-width: 913px) 100vw, 913px\" \/><\/a><figcaption>Grande parte de Oshakati sob as \u00e1guas da enchente. John Mendelsohn, Mar\u00e7o de 2009<\/figcaption><\/figure><\/li>\n<li class=\"blocks-gallery-item\"><figure><a href=\"https:\/\/demo.cuvecom.org\/wp-content\/uploads\/2019\/08\/W_1103_Cuvelai-Aerials_004-1024x682.jpg\"><img decoding=\"async\" width=\"1024\" height=\"682\" src=\"https:\/\/demo.cuvecom.org\/wp-content\/uploads\/2019\/08\/W_1103_Cuvelai-Aerials_004-1024x682.jpg\" alt=\"\" data-id=\"791\" data-link=\"https:\/\/demo.cuvecom.org\/floods\/w_1103_cuvelai-aerials_004\/\" class=\"wp-image-791\" srcset=\"https:\/\/demo.cuvecom.org\/wp-content\/uploads\/2019\/08\/W_1103_Cuvelai-Aerials_004-1024x682.jpg 1024w, https:\/\/demo.cuvecom.org\/wp-content\/uploads\/2019\/08\/W_1103_Cuvelai-Aerials_004-300x200.jpg 300w, https:\/\/demo.cuvecom.org\/wp-content\/uploads\/2019\/08\/W_1103_Cuvelai-Aerials_004-768x511.jpg 768w, https:\/\/demo.cuvecom.org\/wp-content\/uploads\/2019\/08\/W_1103_Cuvelai-Aerials_004-1200x800.jpg 1200w, https:\/\/demo.cuvecom.org\/wp-content\/uploads\/2019\/08\/W_1103_Cuvelai-Aerials_004-600x400.jpg 600w, https:\/\/demo.cuvecom.org\/wp-content\/uploads\/2019\/08\/W_1103_Cuvelai-Aerials_004.jpg 1872w\" sizes=\"(max-width: 1024px) 100vw, 1024px\" \/><\/a><figcaption>O sistema do rio Cuvelai em inunda\u00e7\u00e3o. Helge Denker, Mar\u00e7o de 2011<\/figcaption><\/figure><\/li>\n<li class=\"blocks-gallery-item\"><figure><a href=\"https:\/\/demo.cuvecom.org\/wp-content\/uploads\/2019\/08\/W_1103_Cuvelai-Aerials_019-1024x682.jpg\"><img decoding=\"async\" width=\"1024\" height=\"682\" src=\"https:\/\/demo.cuvecom.org\/wp-content\/uploads\/2019\/08\/W_1103_Cuvelai-Aerials_019-1024x682.jpg\" alt=\"\" data-id=\"792\" data-link=\"https:\/\/demo.cuvecom.org\/floods\/w_1103_cuvelai-aerials_019\/\" class=\"wp-image-792\" srcset=\"https:\/\/demo.cuvecom.org\/wp-content\/uploads\/2019\/08\/W_1103_Cuvelai-Aerials_019-1024x682.jpg 1024w, https:\/\/demo.cuvecom.org\/wp-content\/uploads\/2019\/08\/W_1103_Cuvelai-Aerials_019-300x200.jpg 300w, https:\/\/demo.cuvecom.org\/wp-content\/uploads\/2019\/08\/W_1103_Cuvelai-Aerials_019-768x511.jpg 768w, https:\/\/demo.cuvecom.org\/wp-content\/uploads\/2019\/08\/W_1103_Cuvelai-Aerials_019-1200x800.jpg 1200w, https:\/\/demo.cuvecom.org\/wp-content\/uploads\/2019\/08\/W_1103_Cuvelai-Aerials_019-600x400.jpg 600w, https:\/\/demo.cuvecom.org\/wp-content\/uploads\/2019\/08\/W_1103_Cuvelai-Aerials_019.jpg 1872w\" sizes=\"(max-width: 1024px) 100vw, 1024px\" \/><\/a><figcaption>Helge Denker, Mar\u00e7o de 2011<\/figcaption><\/figure><\/li>\n<li class=\"blocks-gallery-item\"><figure><a href=\"https:\/\/demo.cuvecom.org\/wp-content\/uploads\/2019\/08\/W_1103_Cuvelai-Aerials_111-1024x682.jpg\"><img loading=\"lazy\" decoding=\"async\" width=\"1024\" height=\"682\" src=\"https:\/\/demo.cuvecom.org\/wp-content\/uploads\/2019\/08\/W_1103_Cuvelai-Aerials_111-1024x682.jpg\" alt=\"\" data-id=\"793\" data-link=\"https:\/\/demo.cuvecom.org\/floods\/w_1103_cuvelai-aerials_111\/\" class=\"wp-image-793\" srcset=\"https:\/\/demo.cuvecom.org\/wp-content\/uploads\/2019\/08\/W_1103_Cuvelai-Aerials_111-1024x682.jpg 1024w, https:\/\/demo.cuvecom.org\/wp-content\/uploads\/2019\/08\/W_1103_Cuvelai-Aerials_111-300x200.jpg 300w, https:\/\/demo.cuvecom.org\/wp-content\/uploads\/2019\/08\/W_1103_Cuvelai-Aerials_111-768x511.jpg 768w, https:\/\/demo.cuvecom.org\/wp-content\/uploads\/2019\/08\/W_1103_Cuvelai-Aerials_111-1200x800.jpg 1200w, https:\/\/demo.cuvecom.org\/wp-content\/uploads\/2019\/08\/W_1103_Cuvelai-Aerials_111-600x400.jpg 600w, https:\/\/demo.cuvecom.org\/wp-content\/uploads\/2019\/08\/W_1103_Cuvelai-Aerials_111.jpg 1872w\" sizes=\"(max-width: 1024px) 100vw, 1024px\" \/><\/a><figcaption>Helge Denker, Mar\u00e7o de 2011<\/figcaption><\/figure><\/li>\n<li class=\"blocks-gallery-item\"><figure><a href=\"https:\/\/demo.cuvecom.org\/wp-content\/uploads\/2019\/08\/W_1103_Cuvelai-Aerials_151-1024x682.jpg\"><img loading=\"lazy\" decoding=\"async\" width=\"1024\" height=\"682\" src=\"https:\/\/demo.cuvecom.org\/wp-content\/uploads\/2019\/08\/W_1103_Cuvelai-Aerials_151-1024x682.jpg\" alt=\"\" data-id=\"794\" data-link=\"https:\/\/demo.cuvecom.org\/floods\/w_1103_cuvelai-aerials_151\/\" class=\"wp-image-794\" srcset=\"https:\/\/demo.cuvecom.org\/wp-content\/uploads\/2019\/08\/W_1103_Cuvelai-Aerials_151-1024x682.jpg 1024w, https:\/\/demo.cuvecom.org\/wp-content\/uploads\/2019\/08\/W_1103_Cuvelai-Aerials_151-300x200.jpg 300w, https:\/\/demo.cuvecom.org\/wp-content\/uploads\/2019\/08\/W_1103_Cuvelai-Aerials_151-768x511.jpg 768w, https:\/\/demo.cuvecom.org\/wp-content\/uploads\/2019\/08\/W_1103_Cuvelai-Aerials_151-1200x800.jpg 1200w, https:\/\/demo.cuvecom.org\/wp-content\/uploads\/2019\/08\/W_1103_Cuvelai-Aerials_151-600x400.jpg 600w, https:\/\/demo.cuvecom.org\/wp-content\/uploads\/2019\/08\/W_1103_Cuvelai-Aerials_151.jpg 1872w\" sizes=\"(max-width: 1024px) 100vw, 1024px\" \/><\/a><figcaption>O sistema do rio Cuvelai em inunda\u00e7\u00e3o. Helge Denker, Mar\u00e7o de 2011<\/figcaption><\/figure><\/li>\n<\/ul>","protected":false},"excerpt":{"rendered":"","protected":false},"author":11,"featured_media":0,"parent":0,"menu_order":0,"comment_status":"closed","ping_status":"closed","template":"","meta":{"footnotes":""},"class_list":["post-994","page","type-page","status-publish","hentry"],"featured_image_urls":{"full":"","thumbnail":"","medium":"","medium_large":"","large":"","1536x1536":"","2048x2048":"","trp-custom-language-flag":"","pixova-lite-custom-logo":"","pixova-lite-project-slider-logo-image":"","pixova-lite-homepage-blog-posts":"","pixova-lite-featured-blog-image":"","pixova-lite-related-posts":"","pixova-lite-recent-works-image":"","form-edit-image-preview":""},"post_excerpt_stackable":"<p>Grande parte de Oshakati sob as \u00e1guas da enchente. John Mendelsohn, Mar\u00e7o de 2009 O sistema do rio Cuvelai em inunda\u00e7\u00e3o. Helge Denker, Mar\u00e7o de 2011 Helge Denker, Mar\u00e7o de 2011 Helge Denker, Mar\u00e7o de 2011 O sistema do rio Cuvelai em inunda\u00e7\u00e3o. Helge Denker, Mar\u00e7o de 2011<\/p>\n","category_list":"","author_info":{"name":"admin","url":"https:\/\/demo.cuvecom.org\/pt\/author\/admin\/"},"comments_num":"0 comments","featured_image_urls_v2":{"full":"","thumbnail":"","medium":"","medium_large":"","large":"","1536x1536":"","2048x2048":"","trp-custom-language-flag":"","pixova-lite-custom-logo":"","pixova-lite-project-slider-logo-image":"","pixova-lite-homepage-blog-posts":"","pixova-lite-featured-blog-image":"","pixova-lite-related-posts":"","pixova-lite-recent-works-image":"","form-edit-image-preview":""},"post_excerpt_stackable_v2":"<p>Grande parte de Oshakati sob as \u00e1guas da enchente. John Mendelsohn, Mar\u00e7o de 2009 O sistema do rio Cuvelai em inunda\u00e7\u00e3o. Helge Denker, Mar\u00e7o de 2011 Helge Denker, Mar\u00e7o de 2011 Helge Denker, Mar\u00e7o de 2011 O sistema do rio Cuvelai em inunda\u00e7\u00e3o. Helge Denker, Mar\u00e7o de 2011<\/p>\n","category_list_v2":"","author_info_v2":{"name":"admin","url":"https:\/\/demo.cuvecom.org\/pt\/author\/admin\/"},"comments_num_v2":"0 comments","_links":{"self":[{"href":"https:\/\/demo.cuvecom.org\/pt\/wp-json\/wp\/v2\/pages\/994","targetHints":{"allow":["GET"]}}],"collection":[{"href":"https:\/\/demo.cuvecom.org\/pt\/wp-json\/wp\/v2\/pages"}],"about":[{"href":"https:\/\/demo.cuvecom.org\/pt\/wp-json\/wp\/v2\/types\/page"}],"author":[{"embeddable":true,"href":"https:\/\/demo.cuvecom.org\/pt\/wp-json\/wp\/v2\/users\/11"}],"replies":[{"embeddable":true,"href":"https:\/\/demo.cuvecom.org\/pt\/wp-json\/wp\/v2\/comments?post=994"}],"version-history":[{"count":3,"href":"https:\/\/demo.cuvecom.org\/pt\/wp-json\/wp\/v2\/pages\/994\/revisions"}],"predecessor-version":[{"id":1007,"href":"https:\/\/demo.cuvecom.org\/pt\/wp-json\/wp\/v2\/pages\/994\/revisions\/1007"}],"wp:attachment":[{"href":"https:\/\/demo.cuvecom.org\/pt\/wp-json\/wp\/v2\/media?parent=994"}],"curies":[{"name":"wp","href":"https:\/\/api.w.org\/{rel}","templated":true}]}}

Inundações

<ul class="wp-block-gallery columns-4 is-cropped wp-block-gallery-1 is-layout-flex wp-block-gallery-is-layout-flex">
<li class="blocks-gallery-item"><figure><a href="https://demo.cuvecom.org/wp-content/uploads/2019/08/Oshakati-flooded-913x1024.jpg"><img fetchpriority="high" decoding="async" width="913" height="1024" src="https://demo.cuvecom.org/wp-content/uploads/2019/08/Oshakati-flooded-913x1024.jpg" alt="" data-id="790" data-link="https://demo.cuvecom.org/floods/oshakati-flooded/" class="wp-image-790" srcset="https://demo.cuvecom.org/wp-content/uploads/2019/08/Oshakati-flooded-913x1024.jpg 913w, https://demo.cuvecom.org/wp-content/uploads/2019/08/Oshakati-flooded-267x300.jpg 267w, https://demo.cuvecom.org/wp-content/uploads/2019/08/Oshakati-flooded-768x861.jpg 768w, https://demo.cuvecom.org/wp-content/uploads/2019/08/Oshakati-flooded.jpg 1192w" sizes="(max-width: 913px) 100vw, 913px" /></a><figcaption>Grande parte de Oshakati sob as águas da enchente. John Mendelsohn, Março de 2009</figcaption></figure></li>
<li class="blocks-gallery-item"><figure><a href="https://demo.cuvecom.org/wp-content/uploads/2019/08/W_1103_Cuvelai-Aerials_004-1024x682.jpg"><img decoding="async" width="1024" height="682" src="https://demo.cuvecom.org/wp-content/uploads/2019/08/W_1103_Cuvelai-Aerials_004-1024x682.jpg" alt="" data-id="791" data-link="https://demo.cuvecom.org/floods/w_1103_cuvelai-aerials_004/" class="wp-image-791" srcset="https://demo.cuvecom.org/wp-content/uploads/2019/08/W_1103_Cuvelai-Aerials_004-1024x682.jpg 1024w, https://demo.cuvecom.org/wp-content/uploads/2019/08/W_1103_Cuvelai-Aerials_004-300x200.jpg 300w, https://demo.cuvecom.org/wp-content/uploads/2019/08/W_1103_Cuvelai-Aerials_004-768x511.jpg 768w, https://demo.cuvecom.org/wp-content/uploads/2019/08/W_1103_Cuvelai-Aerials_004-1200x800.jpg 1200w, https://demo.cuvecom.org/wp-content/uploads/2019/08/W_1103_Cuvelai-Aerials_004-600x400.jpg 600w, https://demo.cuvecom.org/wp-content/uploads/2019/08/W_1103_Cuvelai-Aerials_004.jpg 1872w" sizes="(max-width: 1024px) 100vw, 1024px" /></a><figcaption>O sistema do rio Cuvelai em inundação. Helge Denker, Março de 2011</figcaption></figure></li>
<li class="blocks-gallery-item"><figure><a href="https://demo.cuvecom.org/wp-content/uploads/2019/08/W_1103_Cuvelai-Aerials_019-1024x682.jpg"><img decoding="async" width="1024" height="682" src="https://demo.cuvecom.org/wp-content/uploads/2019/08/W_1103_Cuvelai-Aerials_019-1024x682.jpg" alt="" data-id="792" data-link="https://demo.cuvecom.org/floods/w_1103_cuvelai-aerials_019/" class="wp-image-792" srcset="https://demo.cuvecom.org/wp-content/uploads/2019/08/W_1103_Cuvelai-Aerials_019-1024x682.jpg 1024w, https://demo.cuvecom.org/wp-content/uploads/2019/08/W_1103_Cuvelai-Aerials_019-300x200.jpg 300w, https://demo.cuvecom.org/wp-content/uploads/2019/08/W_1103_Cuvelai-Aerials_019-768x511.jpg 768w, https://demo.cuvecom.org/wp-content/uploads/2019/08/W_1103_Cuvelai-Aerials_019-1200x800.jpg 1200w, https://demo.cuvecom.org/wp-content/uploads/2019/08/W_1103_Cuvelai-Aerials_019-600x400.jpg 600w, https://demo.cuvecom.org/wp-content/uploads/2019/08/W_1103_Cuvelai-Aerials_019.jpg 1872w" sizes="(max-width: 1024px) 100vw, 1024px" /></a><figcaption>Helge Denker, Março de 2011</figcaption></figure></li>
<li class="blocks-gallery-item"><figure><a href="https://demo.cuvecom.org/wp-content/uploads/2019/08/W_1103_Cuvelai-Aerials_111-1024x682.jpg"><img loading="lazy" decoding="async" width="1024" height="682" src="https://demo.cuvecom.org/wp-content/uploads/2019/08/W_1103_Cuvelai-Aerials_111-1024x682.jpg" alt="" data-id="793" data-link="https://demo.cuvecom.org/floods/w_1103_cuvelai-aerials_111/" class="wp-image-793" srcset="https://demo.cuvecom.org/wp-content/uploads/2019/08/W_1103_Cuvelai-Aerials_111-1024x682.jpg 1024w, https://demo.cuvecom.org/wp-content/uploads/2019/08/W_1103_Cuvelai-Aerials_111-300x200.jpg 300w, https://demo.cuvecom.org/wp-content/uploads/2019/08/W_1103_Cuvelai-Aerials_111-768x511.jpg 768w, https://demo.cuvecom.org/wp-content/uploads/2019/08/W_1103_Cuvelai-Aerials_111-1200x800.jpg 1200w, https://demo.cuvecom.org/wp-content/uploads/2019/08/W_1103_Cuvelai-Aerials_111-600x400.jpg 600w, https://demo.cuvecom.org/wp-content/uploads/2019/08/W_1103_Cuvelai-Aerials_111.jpg 1872w" sizes="(max-width: 1024px) 100vw, 1024px" /></a><figcaption>Helge Denker, Março de 2011</figcaption></figure></li>
<li class="blocks-gallery-item"><figure><a href="https://demo.cuvecom.org/wp-content/uploads/2019/08/W_1103_Cuvelai-Aerials_151-1024x682.jpg"><img loading="lazy" decoding="async" width="1024" height="682" src="https://demo.cuvecom.org/wp-content/uploads/2019/08/W_1103_Cuvelai-Aerials_151-1024x682.jpg" alt="" data-id="794" data-link="https://demo.cuvecom.org/floods/w_1103_cuvelai-aerials_151/" class="wp-image-794" srcset="https://demo.cuvecom.org/wp-content/uploads/2019/08/W_1103_Cuvelai-Aerials_151-1024x682.jpg 1024w, https://demo.cuvecom.org/wp-content/uploads/2019/08/W_1103_Cuvelai-Aerials_151-300x200.jpg 300w, https://demo.cuvecom.org/wp-content/uploads/2019/08/W_1103_Cuvelai-Aerials_151-768x511.jpg 768w, https://demo.cuvecom.org/wp-content/uploads/2019/08/W_1103_Cuvelai-Aerials_151-1200x800.jpg 1200w, https://demo.cuvecom.org/wp-content/uploads/2019/08/W_1103_Cuvelai-Aerials_151-600x400.jpg 600w, https://demo.cuvecom.org/wp-content/uploads/2019/08/W_1103_Cuvelai-Aerials_151.jpg 1872w" sizes="(max-width: 1024px) 100vw, 1024px" /></a><figcaption>O sistema do rio Cuvelai em inundação. Helge Denker, Março de 2011</figcaption></figure></li>
</ul>

<p>Grande parte de Oshakati sob as águas da enchente. John Mendelsohn, Março de 2009 O sistema do rio Cuvelai em inundação. Helge Denker, Março de 2011 Helge Denker, Março de 2011 Helge Denker, Março de 2011 O sistema do rio Cuvelai em inundação. Helge Denker, Março de 2011</p>
